+ 5*m**2 + j*m - 33*m + 21*m - 6*m**2. Give y(10).
-3
Let v(y) = 32 - 154 + 131 - 7*y. Suppose 0 = -c + 5, c + 7 = -4*m + 6*m. What is v(m)?
-33
Let n(b) be the first derivative of -b**2/2 - 3*b - 6. Let q(a) = 4*a**2 + 78*a + 100. Let f be q(-18). Determine n(f).
5
Let v(x) = -4*x + 7. Let w(y) = -15*y + 34. Let t(c) = -5*v(c) + w(c). Calculate t(6).
29
Let u(q) = -q**2 - 1. Let r(d) = 25*d**3 - 3*d**2 + 6*d - 6. Let s be r(2). Let c = -197 + s. Calculate u(c).
-10
Let h(p) = -47*p + 3. Let d(y) = 25*y - 5. Let x(m) = -2*d(m) - h(m). Let j = -2 + 7. What is x(j)?
-8
Let y(o) = o + 4. Let n be y(-6). Let x be 3 + -5 + n + 2. Let v = 1 + x. Let d(h) = -h - 2. What is d(v)?
-1
Let n = 13435 - 13446. Let x(j) be the second derivative of -j**4/12 - 3*j**3/2 + 15*j**2/2 + 4*j. What is x(n)?
-7
Let z(a) be the second derivative of -a**6/360 + a**5/24 + a**4/8 + 4*a**3/3 + a**2/2 + 4*a + 14. Let q(o) be the second derivative of z(o). Calculate q(6).
-3
Let o(x) = 24*x**3 - 6*x**2 - 159*x + 79. Let w(k) = -5*k**3 + k**2 + 33*k - 16. Let p(h) = 4*o(h) + 19*w(h). Determine p(6).
-6
Let w(v) = -v**2 + 8*v - 16. Let c(x) = 2*x**3 - 142*x**2 + 9*x - 626. Let s be c(71). Determine w(s).
-81
Let n(y) be the second derivative of y**4/6 - 11*y**3/6 - 3*y**2 - 195*y. Let d(b) = b**2 - 11*b - 6. Let j(o) = -3*d(o) + 2*n(o). Give j(-10).
-4
Let v = 8865 - 8876. Let t(u) = -u**2 - 15*u - 42. Calculate t(v).
2
Let u(x) = -9*x**2 - 9*x - 38. Let f(b) = 5*b**2 + 4*b + 20. Let g(c) = -7*f(c) - 4*u(c). Suppose -h - 5*y - 41 = -9, 3*y = -5*h - 50. What is g(h)?
5
Let d(t) = 3*t - 11. Let x = 264 + -208. Let w be -3*1 - 13/((-91)/x). What is d(w)?
4
Let y(n) = 33*n - 238. Let w(d) = -8*d + 53. Let p(a) = 9*w(a) + 2*y(a). What is p(0)?
1
Let t(y) = -3*y - 2. Let q(g) = g**3 - 8*g**2 + 4*g - 13. Let x be q(8). Suppose -2*z + 15 = x. Calculate t(z).
4
Let v(b) be the second derivative of -4*b**3/3 + 29*b**2/2 + 49*b + 9. Calculate v(8).
-35
Let b(j) = -j**3 + 21*j**2 - 20*j + 27. Let h = -34289 + 34309. Give b(h).
27
Suppose -2*o + 2*u - 4 = -6, -u = 3. Let a(v) = -v**3 - 2*v**2 + 3*v + 4. Let z be a(o). Let l be 20/10 - (-7 - z). Let s(c) = c**2 - 8*c - 7. What is s(l)?
-14
Let d(c) = -c + 5. Suppose 3*u - 4*w = -w + 138, -62 = -u - 3*w. Suppose 0 = -48*x + 94 + u. Calculate d(x).
2
Let s(r) be the third derivative of 5*r**4/24 + 784*r**2 - 2. Give s(-11).
-55
Let x(s) = -129 + 0*s + 84 + 2*s + 46 + 0*s. Let y = -2 - -6. Calculate x(y).
9
Let q(j) = -3*j**2 + 26*j + 57. Let o(b) = 11*b**2 - 78*b - 174. Let z(m) = 2*o(m) + 7*q(m). What is z(-2)?
3
Let s(d) = d**2 - 14*d. Let o = 24640 - 24632. Give s(o).
-48
Let g(b) = 187*b - 49. Let p(c) = 217*c - 49. Let f(x) = 7*g(x) - 6*p(x). Determine f(10).
21
Let b(a) = -a**2 - 4*a + 1. Let p(c) = c**2 + 3*c - 10. Let r be p(-5). Let z be r/((0 - 0) + (-2 - -1)). Suppose -g + 3 - 7 = z. What is b(g)?
1
Suppose -374 = -13*l - 21*l. Let x(d) = -110*d + l + 211*d - 104*d. What is x(5)?
-4
Suppose 18*h = 11*h + 126. Let y(v) = h*v**2 - 36*v + 3 + 16*v - 17*v**2 + 15*v. Calculate y(5).
3
Suppose 4*l = 12, 17*p = 13*p - 4*l. Let c(g) = g + 25. Determine c(p).
22
Let w = 2126 + -2131. Let o(k) = 5*k - 2. Determine o(w).
-27
Let h(o) = 1176*o + 1173*o + 72 - 3528*o + 1177*o. Calculate h(0).
72
Let j(z) = -z**3 + 6*z**2 - 5*z - 6. Suppose -54 = 3*y - 0*o + 5*o, -5*y - 118 = -o. Let d = y + 27. Suppose w + 5*m = 23 + 2, 3*w = -d*m + 31. Determine j(w).
-6
Let b(m) be the third derivative of -m**7/2520 - m**6/144 + 13*m**5/120 - 5*m**4/12 + 137*m**2. Let w(l) be the second derivative of b(l). Determine w(-10).
-37
Let v(z) = -4*z**2 + 3*z - 2. Let j be 7*((-174)/(-21) + -6). Suppose 0 = j*g + 8*g - 72. Give v(g).
-29
Let b(u) be the third derivative of 5*u**4/24 - 8*u**3/3 + 30*u**2 - 1. Give b(-1).
-21
Let m = -7 + 14. Let z(q) = q**2 - 2*q - 1. Let t(x) = 5*x**2 - 16*x - 1. Let k = -172 + 173. Let b(h) = k*t(h) - 4*z(h). Determine b(m).
-4
Let q(g) = 42*g**3 + 30*g**2 + 28*g - 58. Let r(a) = 29*a**3 + 20*a**2 + 19*a - 39. Let v(u) = -9*q(u) + 13*r(u). Calculate v(-9).
-21
Let o(p) = p**2 - 8*p - 4. Let r(l) = -l**3 + 53*l + 146. Let c be r(-5). Give o(c).
-16
Let o(q) = -16*q - 9. Let f be o(4). Let m = 248 + f. Let w(v) = 88*v - m*v - 3 + 84*v. What is w(-4)?
9
Suppose -d + y = 0, -2*d - y + 2 = -4*y. Let w(h) = -2*h**2 - 7 + h + 20 - 6 - 5. Calculate w(d).
-8
Let a be 55*(12/42)/(7 + 108/(-14)). Let h(z) = -z**2 - 25*z - 37. Give h(a).
29
Let l(x) = 6*x**2 - 112*x - 3. Let s(m) = 13*m + 6. Let n(a) = -l(a) - 4*s(a). Determine n(10).
-21
Suppose -87*u = -90*u + 6. Let o(z) = z + 1739*z**2 - 874*z**u - 882*z**2. Determine o(-1).
-18
Let c be (186/9 - 5)*24. Let y = 371 - c. Let s(b) = -b - 4. Determine s(y).
1
Let c(b) = -5*b + 92. Let u be c(18). Let r be u/(-3)*30/(-20). Let j(m) = 4*m**3 + 1. Determine j(r).
5
Let j be (-271 + 281)*(-4)/(-10). Let i(c) = c**3 - 3*c**2 - 3*c - 9. What is i(j)?
-5
Let j be 15/(-6) - (-44)/8. Let m(w) = 0*w**3 - 10 - w**2 + 301*w + w**j - 8*w**2 - 290*w. What is m(8)?
14
Let y be 5505/60 - (-14)/(-8). Let n be ((-7)/3 - -2) + (-330)/y. Let l(u) be the third derivative of -u**5/60 - 7*u**4/24 - u**3 + u**2. What is l(n)?
6
Let r(i) = i**3 + 32*i**2 + 221*i + 32. Let z be r(-22). Let c(y) = 4*y + 5. What is c(z)?
45
Let c = 13624 - 13632. Let h(x) = -4*x - 24. What is h(c)?
8
Suppose 2*x + 5 = 5*b, -2*b - 1 = -5*x + 18. Let n be x - 2/(8 - 10). Let l(h) = h**2 - 9*h + 12. Determine l(n).
-6
Suppose l + 12 = 5*a, 42*a - 46*a = -5*l - 18. Let g(k) = k - 1. Let h(n) = -18*n + 5. Let x(p) = 3*g(p) + h(p). What is x(a)?
-28
Suppose 43 = 7*z + 22. Let v(r) = 0*r**2 + 4 - 4 + z*r**2 + r**3 + 2. What is v(-2)?
6
Let j(p) = -p**2 - 11*p + 3. Suppose -497 - 698 + 295 = 90*m. Determine j(m).
13
Let u(k) = -37 + k**2 + 7*k**2 - 2*k**2 + 30*k + 5*k**2. Let w(o) = -5*o**2 - 15*o + 19. Let x(i) = -4*u(i) - 9*w(i). What is x(-16)?
-7
Let j(d) be the third derivative of 7*d**5/60 - d**4/12 - d**3/2 + 335*d**2. Determine j(2).
21
Suppose -2*b + 0*w + 36 = -5*w, -b - 2*w + 18 = 0. Suppose b*r + 8 = 14*r. Let g(d) = 2*d**2 + 3*d + 2. Determine g(r).
4
Let j(d) = 11*d**3 + 12*d**2 + 31*d + 4. Let p(o) = 24*o**3 + 25*o**2 + 63*o + 6. Let f(t) = 13*j(t) - 6*p(t). Calculate f(9).
-2
Let y(s) = -113*s**3 + s**2 - 3*s + 2. Let g(c) = c**3 - 13*c**2 + 11*c + 122. Let a be g(11). Determine y(a).
-113
Let g(a) = a + 15. Let k = -195 + 82. Let s = k - -113. Calculate g(s).
15
Let k(o) = -13*o - 63. Let s(y) = -4*y - 29. Let v(q) = -6*k(q) + 13*s(q). Give v(-2).
-51
Let b = 31001 - 30997. Let k(i) = i**3 - 5*i**2 + 7*i - 12. Give k(b).
0
Let o(p) = p**2 - 1. Suppose -5*t + b + 29 = 0, 48 = 2*t + 5*b + 58. Let i be 2/(1/5*2). Suppose t*d + 4*d = i*d. Determine o(d).
-1
Let k(z) = -17 + 2*z - 54 + z**2 + 15. Let f be k(-8). Let o(w) = -w**3 - 8*w**2 + 2*w + 9. Determine o(f).
-7
Let h be (-2 - (-7)/3)*3 - 1. Suppose 6*z - 28 + 10 = h. Let v(l) = 1 - 4*l + 4*l + 8*l**2 - 7*l**2. Calculate v(z).
10
Let c(n) be the second derivative of -1/6*n**3 - 1 + 14*n - 9/2*n**2. Calculate c(-11).
2
Let n(y) = -23*y - 40. Let k be n(-2). Let d(o) = -20*o**2 + 35*o + 32. Let h(b) = 7*b**2 - 12*b - 11. Let w(l) = k*d(l) + 17*h(l). What is w(8)?
-11
Let x(s) be the first derivative of -1 - 1/2*s**2 - 15*s. Suppose 963 = -5*g + 928. Calculate x(g).
-8
Let r be 4/18 + (-24)/108. Suppose 54*b - 52*b - 14 = r. Let q(p) be the third derivative of p**6/120 - 2*p**5/15 + 7*p**4/24 + p**3 - p**2. Calculate q(b).
6
Let g = -81 - -77. Let h(p) be the first derivative of p**2/2 - 2. Let t(m) = -2*m - 1. Let a(u) = -3*h(u) - 2*t(u). Calculate a(g).
-2
Let y be (-935)/(-2)*48/15. Let n(m) = 1496 - y + 11*m. Calculate n(-2).
-22
Suppose -5*a + 0*l + 9 = 2*l, 0 = -5*a + 2*l + 21. Suppose -2*d + z = 3*z - 46, 0 = d - a*z - 15. Suppose -2*u - u + d = 0. Let t(p) = 2*p - 3. Determine t(u).
11
Let w(v) = -108 + v**2 - 109 - 6*v + 225. Suppose 9 = 3*x + 3. Suppose b = z - 10, -3*z + x*b = -18 - 8. Calculate w(z).
8
Suppose 0 = 63*u + 199*u + 786. Let i(v) = -92*v - 289. Determine i(u).
-13
Let n(y) = y**2 - 8*y - 21. Let l be (15 + -17)/(3/12). Let u be 15/(-3 + (-36)/l). What is n(u)?
-1
Let g(q) = 3*q + 5. Let b(x) = x**3 - 15*x**2 + 14*x + 25. Let w be b(14). Suppose -17 